1 a prime number?
False
Is 250604147 a prime number?
False
Is 22878431 prime?
True
Is 1062785 prime?
False
Is 3088711 composite?
False
Is 77386 composite?
True
Is 12531763 a composite number?
False
Is 4959763 prime?
False
Is 76478989 a prime number?
True
Is 4101413 a prime number?
False
Is 36249637 prime?
True
Is 28537307 a composite number?
True
Is 105715439 prime?
True
Is 8213609 composite?
True
Is 26686687 a prime number?
True
Is 232668031 composite?
False
Is 42383647 prime?
False
Is 24052205 composite?
True
Is 566455433 prime?
False
Is 4202759 a composite number?
True
Is 1011723163 a prime number?
False
Is 6034591 prime?
True
Is 690026333 a prime number?
True
Is 257418673 a prime number?
True
Is 35391999 prime?
False
Is 473797113 prime?
False
Is 8706149 prime?
True
Is 20917079 a prime number?
False
Is 75397 composite?
True
Is 25777801 a composite number?
True
Is 17673295 composite?
True
Is 11660419 prime?
False
Is 1496519 composite?
False
Is 1582843 a composite number?
True
Is 732739 a composite number?
True
Is 23212139 a composite number?
False
Is 65103151 prime?
True
Is 1583369 prime?
True
Is 2268779 a composite number?
False
Is 9564253 a prime number?
True
Is 203505767 composite?
False
Is 35077241 a prime number?
True
Is 18304347 prime?
False
Is 117570403 a prime number?
True
Is 11880601 composite?
False
Is 38867261 composite?
True
Is 27886861 a composite number?
True
Is 73814674 a composite number?
True
Is 11206171 a composite number?
False
Is 46821421 a prime number?
True
Is 261158 prime?
False
Is 7325581 a prime number?
False
Is 234105987 prime?
False
Is 1717411 prime?
False
Is 819089 a composite number?
True
Is 237911 prime?
True
Is 1048757 a prime number?
False
Is 44520979 composite?
True
Is 780583 composite?
False
Is 483221 composite?
False
Is 6824239 a prime number?
False
Is 28837 prime?
True
Is 27567301 a prime number?
True
Is 9784043 prime?
False
Is 1039979 a prime number?
True
Is 40514173 a composite number?
True
Is 611665519 prime?
False
Is 17989319 composite?
False
Is 3917435 a prime number?
False
Is 45352063 a prime number?
False
Is 24600871 a composite number?
True
Is 17507599 prime?
True
Is 5266501 composite?
True
Is 75069343 a composite number?
False
Is 350939 composite?
True
Is 7562041 composite?
False
Is 50320885 composite?
True
Is 283818061 prime?
False
Is 6378569 a prime number?
False
Is 144922681 a composite number?
False
Is 45643009 a composite number?
True
Is 9970381 a prime number?
False
Is 25318333 a prime number?
True
Is 8005547 a prime number?
False
Is 13855709 composite?
True
Is 1609082 prime?
False
Is 26129463 a composite number?
True
Is 1830163 composite?
False
Is 13689187 a prime number?
True
Is 802073 prime?
True
Is 1455577 prime?
False
Is 480489937 prime?
True
Is 284131 prime?
True
Is 179173151 a prime number?
False
Is 1592321 prime?
True
Is 9290363 a composite number?
False
Is 1091510773 composite?
False
Is 3424119 composite?
True
Is 16542815 a prime number?
False
Is 2979901 a composite number?
False
Is 264051199 composite?
False
Is 874358897 a composite number?
False
Is 1274155 composite?
True
Is 9725455 a composite number?
True
Is 3328887 a composite number?
True
Is 247823159 prime?
True
Is 9588511 a prime number?
True
Is 2133661 a composite number?
True
Is 3999917 composite?
False
Is 1815377 composite?
False
Is 109411265 composite?
True
Is 219874453 a composite number?
False
Is 152298043 a composite number?
False
Is 9671377 a prime number?
True
Is 114865417 composite?
True
Is 29562263 a composite number?
False
Is 285695 prime?
False
Is 3311741 composite?
False
Is 10577197 prime?
True
Is 4299167 a prime number?
False
Is 9414907 a composite number?
True
Is 9811247 composite?
True
Is 8281613 prime?
False
Is 54958453 a prime number?
False
Is 465207 composite?
True
Is 721459 a composite number?
True
Is 15413897 a prime number?
True
Is 649115783 prime?
False
Is 608060773 a prime number?
False
Is 574875223 a prime number?
False
Is 9166841 a prime number?
True
Is 129050602 a prime number?
False
Is 94558861 a composite number?
False
Is 106951919 a prime number?
True
Is 10279013 composite?
False
Is 4487177 a composite number?
False
Is 69624311 composite?
False
Is 4637189 a composite number?
False
Is 3975947 prime?
True
Is 267043 prime?
False
Is 10037 a composite number?
False
Is 2431633 prime?
True
Is 68469862 a prime number?
False
Is 5309693 composite?
False
Is 3442631 a prime number?
True
Is 12366449 a prime number?
True
Is 406789 a prime number?
True
Is 1288799 composite?
False
Is 17322185 a composite number?
True
Is 37989958 composite?
True
Is 1752817 prime?
False
Is 10934117 composite?
True
Is 56122613 a prime number?
False
Is 2853911 prime?
True
Is 16826555 composite?
True
Is 73119041 a composite number?
False
Is 4207201 composite?
False
Is 30240773 prime?
False
Is 23631199 a prime number?
True
Is 6183406 prime?
False
Is 1434421 prime?
True
Is 65763613 a prime number?
False
Is 18455809 a composite number?
True
Is 4095857 a composite number?
False
Is 26387 a prime number?
True
Is 12238367 a composite number?
False
Is 30711281 composite?
False
Is 94969405 composite?
True
Is 24159197 prime?
False
Is 125862085 composite?
True
Is 198623717 composite?
False
Is 4472651 composite?
False
Is 129723977 composite?
False
Is 21847379 prime?
False
Is 109049 prime?
True
Is 2385232709 a prime number?
True
Is 5477627 a prime number?
True
Is 33098999 a composite number?
False
Is 303917 composite?
False
Is 2674747 a composite number?
True
Is 42796219 composite?
False
Is 339553 composite?
True
Is 59308959 a prime number?
False
Is 172991463 composite?
True
Is 2737589 a composite number?
True
Is 244525771 a composite number?
True
Is 7458811 prime?
False
Is 37232203 a prime number?
False
Is 2101987 composite?
True
Is 111157 prime?
False
Is 3991277 prime?
False
Is 4124713 prime?
False
Is 705043 composite?
False
Is 9042279 composite?
True
Is 81486949 a composite number?
False
Is 20235517 a prime number?
False
Is 279569089 a prime number?
False
Is 7754419 a composite number?
False
Is 65956159 a composite number?
True
Is 166951177 composite?
False
Is 26665689 prime?
False
Is 69966251 composite?
False
Is 20048807 a prime number?
True
Is 225495201 prime?
False
Is 2009746 a prime number?
False
Is 30105493 composite?
True
Is 117619357 a prime number?
True
Is 106924231 composite?
True
Is 3139363 composite?
False
Is 11116961 a prime number?
True
Is 3074417 a prime number?
False
Is 9316655 prime?
False
Is 265043473 composite?
False
Is 118254253 composite?
True
Is 78425317 prime?
True
Is 12139753 prime?
True
Is 64017973 composite?
True
Is 15571329 composite?
True
Is 16207589 a composite number?
True
Is 64833 a prime number?
False
Is 4809041 a composite number?
True
Is 1120241 composite?
True
Is 11305321 composite?
False
Is 14805943 a composite number?
True
Is 23219381 a composite number?
False
Is 14239223 prime?
True
Is 11311 a composite number?
False
Is 631913 composite?
False
Is 11830409 a prime number?
True
Is 95231119 a prime number?
False
Is 55273787 composite?
False
Is 76253131 composite?
False
Is 9090743 a prime number?
False
Is 63847099 a prime number?
False
Is 1008659 a prime number?
True
Is 82678097 a composite number?
True
Is 5522857 a prime number?
False
Is 213605783 prime?
False
Is 1722121 prime?
False
Is 42826349 prime?
False
Is 27487807 a prime number?
True
Is 129553 a prime number?
True
Is 636154 a composite number?
True
Is 47293271 prime?
False
Is 246190891 a composite number?
False
Is 2911819 prime?
True
Is 1911047 composite?
True
Is 147847969 composite?
False
Is 15437561 a composite number?
True
Is 23799953 composite?
False
Is 8115439 prime?
True
Is 16289807 a composite number?
False
Is 4170437 composite?
True
Is 969121 a composite number?
True
Is 96648977 a prime number?
True
Is 542986383 composite?
True
Is 94007293 composite?
False
Is 136101151 a prime number?
True
Is 12247027 prime?
False
Is 9301049 a composite number?
True
Is 6388067 a composite number?
True
Is 149676767 a composite number?
False
Is 14992253 prime?
True
Is 11964305 prime?
False
Is 159023549 a prime number?
True
Is 100767931 a prime number?
False
Is 84982163 a composite number?
True
Is 2273893 a composite number?
True
Is 267796847 a composite num